, 2*i - 10 = 0. Let m = -982 + a. What is the hundreds digit of m?
5
Let w = -23635 + 53383. What is the tens digit of w?
4
Let v(x) = x**2 - 8*x + 106. Let y(r) = r**2 - 9*r + 108. Let m(q) = -5*v(q) + 6*y(q). What is the hundreds digit of m(0)?
1
Let j be (-6)/4 + 63/14. Suppose -h - 158 = -3*t, -3*h - 150 = -j*t - 0*h. Let a = -21 + t. What is the tens digit of a?
3
Suppose 2*x - 3*n - 15672 = 0, -3*n = -3*x + 15495 + 8022. What is the units digit of x?
5
Suppose 4*s = -4*n + 24256, -5*n - 2*s = -3350 - 26976. What is the hundreds digit of n?
0
Suppose -12*f = 33 + 15. What is the thousands digit of 6 + (f - 0) - -1273?
1
Suppose 6*w - 4*w - 5*k + 12 = 0, 0 = 5*w - 3*k + 11. Let z be 5675/20 - w/4. Let p = z - 120. What is the hundreds digit of p?
1
Let b = 15364 + -7800. What is the units digit of b?
4
Suppose -1349 - 2726 = -5*n. Let s = n + -422. What is the tens digit of s?
9
Let n be -10*((4/(-8))/1)/1. Suppose n*r = 1 + 9. Suppose -2*b + 3*b - 3 = 0, -95 = -r*u - 5*b. What is the tens digit of u?
4
Suppose -23*p = 45*p - 19*p - 902825. What is the thousands digit of p?
8
Let f(p) = 0*p**3 - 2*p**3 - 11 + 17*p**2 + 3*p**3 + 8*p - 24*p**2. Let j be f(5). Let i = j - -58. What is the tens digit of i?
3
Let r(x) = -x**3 + 9*x**2 - 9*x + 81. Let q be r(9). Suppose 5*a + 2*n - 5*n - 3050 = q, 4*a + 5*n - 2403 = 0. What is the units digit of a?
7
Let w = -5565 - -11267. What is the tens digit of w?
0
Suppose -17*v + 18 = -20*v. Let l(q) = -4*q + 17. Let d be l(v). Let u = d + 23. What is the tens digit of u?
6
What is the tens digit of (-15 - 1292/(-85)) + (1 - 136849/(-5))?
7
Suppose 127*p - 321017 - 979244 = 483962. What is the thousands digit of p?
4
Let n(a) be the third derivative of -a**5/120 + 7*a**4/4 + 11*a**3/6 - 8*a**2. Let u(s) be the first derivative of n(s). What is the tens digit of u(-13)?
5
Suppose 0 = 3*t - 2*m + 17 + 61, t - m + 27 = 0. What is the tens digit of 777/(3/10*(-60)/t)?
3
Let y(z) = -z**3 + 13*z**2 + 17*z - 7. Let d be y(14). Suppose -d = 2*f - 13. Let c(k) = -5*k + 24. What is the units digit of c(f)?
9
Let v be 102/(-27) + 4 - (-8)/(-36). What is the hundreds digit of 2 + 503 + -7 - v?
4
Let m(w) = w**3 + 14*w**2 - 18*w - 27. Let d(l) = -2*l + 6. Let t be d(9). Let s = -3 + t. What is the tens digit of m(s)?
1
Suppose -35 = -5*z - 3*m - 2*m, -2*z + 20 = 4*m. Suppose 5*c = -2*k + 1203, k = z*c - 121 - 844. What is the units digit of c?
1
Let h be ((-2)/4)/(9/18). What is the hundreds digit of 6903/156*(-1 + (-9)/h)?
3
Let t(j) = 12*j + 3. Let m = -7 - -37. Suppose -4*i + s = 6*s - 33, 5*i + 4*s - m = 0. What is the tens digit of t(i)?
2
Let t(n) = -61*n - 541. Let f(b) = -30*b - 267. Let s(v) = -5*f(v) + 2*t(v). What is the hundreds digit of s(-3)?
1
Let m be 306/(-17)*(-11 + -1 + 3). Suppose 0 = -l + 3*u + m, -2*u = -7 + 5. What is the hundreds digit of l?
1
Let k be (-36)/(-45) + (-48)/(-15). Let m(i) = 6 - 1 - i**2 + k - 5 + 10*i. What is the tens digit of m(9)?
1
Let v(k) = -k**2 - k. Let q(h) = 118*h**2 + 5*h + 8. Let c(o) = q(o) - 3*v(o). What is the hundreds digit of c(-1)?
1
Let u(x) = -12*x + 53. Let l be u(3). What is the hundreds digit of 23*(3 + -1)*l?
7
Let p = -80 - -68. Let t(l) = 16*l + 11. Let m be t(p). What is the tens digit of 4 + (-1 - m/1)?
8
Let d(t) = 12*t**2 - 4*t. Let s be d(3). Let x = 826 + -484. Suppose 4*f - 2*m - x = 0, 2*f - 5*m - s = 87. What is the units digit of f?
4
Let h be 5/20*74*2. Suppose -8 = -h*r + 33*r. Suppose 20*b + 4*t - 127 = 19*b, 0 = -r*b - 5*t + 239. What is the hundreds digit of b?
1
Let t(d) = 2*d**2 - 10*d + 50. Let w be t(23). Let b = w - 79. What is the hundreds digit of b?
7
Suppose -3062 - 11170 = -6*f. Let l = f - 1249. What is the hundreds digit of l?
1
Suppose 0 = -0*r + 4*r + 2*r. Let g(z) = 6*z - 6 + z**2 + r - 4 + 12. What is the units digit of g(-15)?
7
Let t = 1368 - 839. What is the hundreds digit of t?
5
Let z = -39 + 125. Suppose -w + 0*t + z = -2*t, 4*w = -5*t + 396. What is the units digit of w?
4
Suppose -2261111 = -155*x + 2071563 + 5162006. What is the tens digit of x?
5
Let j(x) = -21 + 3*x**2 - 35*x + 5*x**2 + 37*x + 0*x**2. Let a(k) = -k**2 - k + 1. Let t(n) = 4*a(n) + j(n). What is the tens digit of t(-5)?
9
Suppose -14 = -9*m + 40. Suppose m*x + 325 = 1105. What is the hundreds digit of x?
1
Let y = -3464 - -4936. What is the hundreds digit of y/115*110/4?
3
Suppose -18*a + 1481 = -1039. What is the hundreds digit of (-7 - a/(-21))/((-2)/1854)?
3
Let b = -2323 - -6689. What is the hundreds digit of b?
3
Suppose 0 = 5*w - w - 9680. Suppose 0 = -5*v + 2*a + 6985, 3*v + w = -3*a + 6632. What is the hundreds digit of v?
3
Let z(j) = -275*j**3 + 4*j**2 + 12*j + 4. What is the units digit of z(-2)?
6
Let d(s) = -6*s**2 + 839*s - 341. What is the hundreds digit of d(124)?
4
Suppose 0 = -428*k - 5160120 + 18468352. What is the hundreds digit of k?
0
Suppose -8*g + 3*g - 25 = 0. Let f(l) = 17*l**2 + 6*l - 51. What is the hundreds digit of f(g)?
3
Suppose 0 = 37*z - 32*z - 85. Let m(w) = -z - 2*w + 5*w - 6. What is the tens digit of m(14)?
1
Let j(a) be the third derivative of 5*a**4/3 - 25*a**3/6 - 782*a**2. Suppose 14 = 2*c - 0. What is the tens digit of j(c)?
5
Suppose -22*z + 45 = 1. Suppose 2*j - 7*j = z*t - 7102, j - 2*t = 1430. What is the hundreds digit of j?
4
Let h(y) = -6 + 14 - 27*y**2 + 6*y + y - 5. Let v(g) = -13*g**2 + 3*g + 1. Let z(l) = 2*h(l) - 5*v(l). What is the units digit of z(-1)?
3
Let s = 73817 - 42614. What is the hundreds digit of s?
2
Suppose 26773 = a - 3*y, 5*y + 21 = 11. What is the hundreds digit of a?
7
Suppose -19*c - 243938 = -58*c + 400264. What is the units digit of c?
8
Suppose -5*b = -112 + 22. Let k(n) = -n**3 + 18*n**2 + n - 15. Let x be k(b). What is the units digit of (-178)/(-2)*(x + -2)?
9
Suppose 4*l - 5*n - 6041 - 2095 = 0, 0 = -4*l - 4*n + 8172. What is the thousands digit of l?
2
Let c(u) = -58*u - 124. Let l(h) = -h**2 - 25*h - 54. Let y be l(-23). What is the units digit of c(y)?
0
Suppose 0*d = -2*d - 4*i - 2454, 4*i - 4920 = 4*d. Let l = -695 - d. What is the hundreds digit of l?
5
What is the units digit of 353*86*(-45)/(-90)?
9
Let z be ((-1215)/(-63) + (-2)/7)/(-1). Let c = -155 - z. Let b = -74 - c. What is the tens digit of b?
6
Let f(y) = 2*y + 13. Let a be (4/(-5))/((-3)/(-15)). Let s be f(a). Suppose -5*n + 0*n = -4*x + 359, -421 = -s*x - 3*n. What is the units digit of x?
6
Suppose -15*t + 142964 = -0*t - 167836. What is the units digit of t?
0
Suppose -29051 = -13*h + 22655 + 39177. What is the tens digit of h?
9
Let t(r) = 7*r + 158. Let u be t(-22). Suppose 3*l + 1814 = 5*l + u*c, 0 = 5*c + 5. What is the tens digit of l?
0
Let j(t) = 2*t**3 + 2*t**2 - t - 1. Let w be j(-5). What is the tens digit of w/6*4/(40/(-15))?
4
What is the thousands digit of 88139458/3563 + 4/7?
4
Let z(c) = c**3 + c**2 + 3*c + 12. Let y be z(-2). What is the tens digit of y*102/8*(-440)/(-66)?
7
Let j = 1 - 46. Let s(p) = p**3 + 46*p**2 + 35*p + 28. What is the tens digit of s(j)?
7
Suppose -5*f - 2*x = -148, -9*x = -4*x + 5. Suppose -34*v = -f*v. Suppose -4*a + 25 = d, 3*d + 4*a + v*a = 99. What is the tens digit of d?
3
Let f(c) = -5*c + 23. Let b be f(5). Let i be (b/4*4)/(-1). What is the tens digit of -3 + 171 + (i - 1)?
6
Let l be 1/(9/(-6))*-9. Let b(s) be the third derivative of 7*s**4/8 - s**3/6 + 10*s**2. What is the units digit of b(l)?
5
Let o(r) = r**3 + 5*r**2 - 4*r + 8. Let h be o(-5). Let m = 70 + h. Suppose 4*q - m - 118 = 0. What is the tens digit of q?
5
Let u(j) = 245*j**2 + 219*j + 2163. What is the thousands digit of u(-10)?
4
Let k = -557 - -85. Let j = k - -1215. What is the units digit of j?
3
Let a be (17824/128)/((-2)/8). Let c = a - -1212. What is the units digit of c?
5
What is the units digit of (-981502)/(-230) + 6/(-15)?
7
Let f be 15/2 - 48/32. Suppose -f = -b + w - 3*w, -5*w + 20 = 5*b. Suppose -b*l + 99 = -129. What is the hundreds digit of l?
1
Let p(v) = 3*v. Let n = 0 - 5. Let r be p(n). Let b(y) = -y**2 - 20*y - 16. What is the tens digit of b(r)?
5
Let r(j) = j + 15. Let n be r(-11). Let s be (-3687)/(-6) + (10/n - 2). Suppose -4*d - 2*m + 843 = 9, -3*d - 5*m + s = 0. What is the tens digit of d?
1
Suppose -18*d + 4834 + 16334 = 0. Suppose 4*p + 4*a = d, 4*a